{"id":123,"date":"2024-04-21T15:59:32","date_gmt":"2024-04-21T13:59:32","guid":{"rendered":"https:\/\/mitdemenzleben.org\/wordpress\/?page_id=123"},"modified":"2026-01-11T16:36:33","modified_gmt":"2026-01-11T15:36:33","slug":"selbstverwaltete-demenz-wgs","status":"publish","type":"page","link":"https:\/\/mitdemenzleben.org\/index.php\/selbstverwaltete-demenz-wgs\/","title":{"rendered":"Angeh\u00f6rigengef\u00fchrte Demenz-WG"},"content":{"rendered":"\n<div class=\"wp-block-media-text is-stacked-on-mobile is-vertically-aligned-top\" style=\"grid-template-columns:35% auto\"><figure class=\"wp-block-media-text__media\"><img loading=\"lazy\" decoding=\"async\" width=\"1024\" height=\"683\" src=\"https:\/\/mitdemenzleben.org\/wp-content\/uploads\/2024\/04\/3_IMG_7325-1024x683.jpg\" alt=\"Hand in Hand\" class=\"wp-image-56 size-full\" srcset=\"https:\/\/mitdemenzleben.org\/wp-content\/uploads\/2024\/04\/3_IMG_7325-1024x683.jpg 1024w, https:\/\/mitdemenzleben.org\/wp-content\/uploads\/2024\/04\/3_IMG_7325-300x200.jpg 300w, https:\/\/mitdemenzleben.org\/wp-content\/uploads\/2024\/04\/3_IMG_7325-768x512.jpg 768w, https:\/\/mitdemenzleben.org\/wp-content\/uploads\/2024\/04\/3_IMG_7325-1536x1024.jpg 1536w, https:\/\/mitdemenzleben.org\/wp-content\/uploads\/2024\/04\/3_IMG_7325-2048x1365.jpg 2048w\" sizes=\"auto, (max-width: 1024px) 100vw, 1024px\" \/><\/figure><div class=\"wp-block-media-text__content\">\n<p>Die Angeh\u00f6rigen spielen eine wichtige Rolle in einer selbstverwalteten Demenz-WG. Sie gestalten den Alltag im Sinne der Bewohnerinnen und Bewohner und entscheiden gemeinsam \u00fcber Pflege und Betreuung sowie \u00fcber die hauswirtschaftliche Versorgung. Ihr kontinuierliches Engagement ist wesentlich f\u00fcr das gute Zusammenleben in der Gruppe.<\/p>\n\n\n\n<p>Besonderes Einf\u00fchlungsverm\u00f6gen, gute Nerven und viel Geduld brauchen die Mitarbeiterinnen und Mitarbeiter des Pflege- und Betreuungsdienstes in einer Demenz-WG. Sie sollen die Bewohnerinnen und Bewohner in ihrer jeweiligen Welt wahrnehmen, respektieren und ihren Alltag begleiten. So k\u00f6nnen die Selbst\u00e4ndigkeit und noch vorhandene F\u00e4higkeiten der Bewohnerinnen bzw. Bewohner erhalten bleiben. Sie werden nur unterst\u00fctzt, wo es notwendig ist. Entscheidungen sollen die Pflege- und Betreuungskr\u00e4fte gemeinsam mit ihnen und nicht f\u00fcr sie treffen.<\/p>\n<\/div><\/div>\n\n\n\n<p>Wir m\u00f6chten Menschen mit Demenz und ihren Angeh\u00f6rigen zeigen, dass eine angeh\u00f6rigengef\u00fchrte Demenz-Wohngemeinschaft eine gute Alternative zum Einzug in ein Heim sein kann. Und wir m\u00f6chten ihnen Mut machen, den Einzug in eine WG als Chance zu begreifen. Ihre Fragen hierzu versuchen wir gerne <a href=\"https:\/\/mitdemenzleben.org\/index.php\/haeufige-fragen-und-antworten\/\" data-type=\"page\" data-id=\"355\">hier<\/a> und auch nat\u00fcrlich pers\u00f6nlich zu beantworten.<\/p>\n\n\n\n<p>Dem <a href=\"https:\/\/mitdemenzleben.org\/index.php\/mit-demenz-leben-e-v\/\" data-type=\"page\" data-id=\"145\">Verein Mit Demenz Leben e.V.<\/a> geh\u00f6ren zwei Demenz-Wohngemeinschaften an: die <a href=\"https:\/\/mitdemenzleben.org\/index.php\/wg-bueschelstrasse\/\" data-type=\"page\" data-id=\"131\">WG B\u00fcschelstrasse<\/a> in Darmstadt-Eberstadt und die <a href=\"https:\/\/mitdemenzleben.org\/index.php\/wg-waldmuehle\/\" data-type=\"page\" data-id=\"132\">WG Waldm\u00fchle<\/a> in Ober-Ramstadt.<\/p>\n\n\n<style>.kadence-column123_569ab8-d7 > .kt-inside-inner-col,.kadence-column123_569ab8-d7 > .kt-inside-inner-col:before{border-top-left-radius:0px;border-top-right-radius:0px;border-bottom-right-radius:0px;border-bottom-left-radius:0px;}.kadence-column123_569ab8-d7 > .kt-inside-inner-col{column-gap:var(--global-kb-gap-sm, 1rem);}.kadence-column123_569ab8-d7 > .kt-inside-inner-col{flex-direction:column;}.kadence-column123_569ab8-d7 > .kt-inside-inner-col > .aligncenter{width:100%;}.kadence-column123_569ab8-d7 > .kt-inside-inner-col:before{opacity:0.3;}.kadence-column123_569ab8-d7{position:relative;}@media all and (max-width: 1024px){.kadence-column123_569ab8-d7 > .kt-inside-inner-col{flex-direction:column;}}@media all and (max-width: 767px){.kadence-column123_569ab8-d7 > .kt-inside-inner-col{flex-direction:column;}}<\/style>\n<div class=\"wp-block-kadence-column kadence-column123_569ab8-d7\"><div class=\"kt-inside-inner-col\"><\/div><\/div>\n\n\n\n<div class=\"wp-block-media-text is-stacked-on-mobile\" style=\"grid-template-columns:35% auto\"><figure class=\"wp-block-media-text__media\"><img loading=\"lazy\" decoding=\"async\" width=\"500\" height=\"500\" src=\"https:\/\/mitdemenzleben.org\/wp-content\/uploads\/2024\/10\/logoWGBu.png\" alt=\"\" class=\"wp-image-268 size-full\" srcset=\"https:\/\/mitdemenzleben.org\/wp-content\/uploads\/2024\/10\/logoWGBu.png 500w, https:\/\/mitdemenzleben.org\/wp-content\/uploads\/2024\/10\/logoWGBu-300x300.png 300w, https:\/\/mitdemenzleben.org\/wp-content\/uploads\/2024\/10\/logoWGBu-150x150.png 150w\" sizes=\"auto, (max-width: 500px) 100vw, 500px\" \/><\/figure><div class=\"wp-block-media-text__content\">\n<p><strong><a href=\"https:\/\/mitdemenzleben.org\/index.php\/wg-bueschelstrasse\/\" data-type=\"page\" data-id=\"131\">Zur WG B\u00fcschelstrasse<\/a><\/strong><\/p>\n<\/div><\/div>\n\n\n\n<div class=\"wp-block-media-text is-stacked-on-mobile\" style=\"grid-template-columns:37% auto\"><figure class=\"wp-block-media-text__media\"><img loading=\"lazy\" decoding=\"async\" width=\"480\" height=\"480\" src=\"https:\/\/mitdemenzleben.org\/wordpress\/wp-content\/uploads\/2024\/04\/LogoWGOR.jpeg\" alt=\"\" class=\"wp-image-190 size-full\" srcset=\"https:\/\/mitdemenzleben.org\/wp-content\/uploads\/2024\/04\/LogoWGOR.jpeg 480w, https:\/\/mitdemenzleben.org\/wp-content\/uploads\/2024\/04\/LogoWGOR-300x300.jpeg 300w, https:\/\/mitdemenzleben.org\/wp-content\/uploads\/2024\/04\/LogoWGOR-150x150.jpeg 150w\" sizes=\"auto, (max-width: 480px) 100vw, 480px\" \/><\/figure><div class=\"wp-block-media-text__content\">\n<p><a href=\"https:\/\/mitdemenzleben.org\/index.php\/wg-waldmuehle\/\" data-type=\"page\" data-id=\"132\"><strong>Zur WG Waldm\u00fchle<\/strong><\/a><\/p>\n<\/div><\/div>\n","protected":false},"excerpt":{"rendered":"<p>Die Angeh\u00f6rigen spielen eine wichtige Rolle in einer selbstverwalteten Demenz-WG. Sie gestalten den Alltag im Sinne der Bewohnerinnen und Bewohner und entscheiden gemeinsam \u00fcber Pflege und Betreuung sowie \u00fcber die hauswirtschaftliche Versorgung. Ihr kontinuierliches Engagement ist wesentlich f\u00fcr das gute Zusammenleben in der Gruppe. Besonderes Einf\u00fchlungsverm\u00f6gen, gute Nerven und viel Geduld brauchen die Mitarbeiterinnen und&#8230;<\/p>\n","protected":false},"author":1,"featured_media":0,"parent":0,"menu_order":0,"comment_status":"closed","ping_status":"closed","template":"","meta":{"_kadence_starter_templates_imported_post":false,"_kad_post_transparent":"","_kad_post_title":"","_kad_post_layout":"default","_kad_post_sidebar_id":"default","_kad_post_content_style":"boxed","_kad_post_vertical_padding":"","_kad_post_feature":"","_kad_post_feature_position":"above","_kad_post_header":false,"_kad_post_footer":false,"footnotes":""},"class_list":["post-123","page","type-page","status-publish","hentry"],"_links":{"self":[{"href":"https:\/\/mitdemenzleben.org\/index.php\/wp-json\/wp\/v2\/pages\/123","targetHints":{"allow":["GET"]}}],"collection":[{"href":"https:\/\/mitdemenzleben.org\/index.php\/wp-json\/wp\/v2\/pages"}],"about":[{"href":"https:\/\/mitdemenzleben.org\/index.php\/wp-json\/wp\/v2\/types\/page"}],"author":[{"embeddable":true,"href":"https:\/\/mitdemenzleben.org\/index.php\/wp-json\/wp\/v2\/users\/1"}],"replies":[{"embeddable":true,"href":"https:\/\/mitdemenzleben.org\/index.php\/wp-json\/wp\/v2\/comments?post=123"}],"version-history":[{"count":17,"href":"https:\/\/mitdemenzleben.org\/index.php\/wp-json\/wp\/v2\/pages\/123\/revisions"}],"predecessor-version":[{"id":374,"href":"https:\/\/mitdemenzleben.org\/index.php\/wp-json\/wp\/v2\/pages\/123\/revisions\/374"}],"wp:attachment":[{"href":"https:\/\/mitdemenzleben.org\/index.php\/wp-json\/wp\/v2\/media?parent=123"}],"curies":[{"name":"wp","href":"https:\/\/api.w.org\/{rel}","templated":true}]}}