{"id":169,"date":"2024-04-21T21:07:16","date_gmt":"2024-04-21T19:07:16","guid":{"rendered":"https:\/\/mitdemenzleben.org\/wordpress\/?page_id=169"},"modified":"2026-01-11T15:09:11","modified_gmt":"2026-01-11T14:09:11","slug":"publikationen-und-links","status":"publish","type":"page","link":"https:\/\/mitdemenzleben.org\/index.php\/publikationen-und-links\/","title":{"rendered":"Publikationen und Links"},"content":{"rendered":"\n<h2 class=\"wp-block-heading\">Publikationen<\/h2>\n\n\n\n<div class=\"wp-block-media-text is-stacked-on-mobile\" style=\"grid-template-columns:15% auto\"><figure class=\"wp-block-media-text__media\"><img loading=\"lazy\" decoding=\"async\" width=\"724\" height=\"1024\" src=\"https:\/\/mitdemenzleben.org\/wp-content\/uploads\/2026\/01\/FaQs-724x1024.jpg\" alt=\"\" class=\"wp-image-350 size-full\" srcset=\"https:\/\/mitdemenzleben.org\/wp-content\/uploads\/2026\/01\/FaQs-724x1024.jpg 724w, https:\/\/mitdemenzleben.org\/wp-content\/uploads\/2026\/01\/FaQs-212x300.jpg 212w, https:\/\/mitdemenzleben.org\/wp-content\/uploads\/2026\/01\/FaQs-768x1086.jpg 768w, https:\/\/mitdemenzleben.org\/wp-content\/uploads\/2026\/01\/FaQs-1086x1536.jpg 1086w, https:\/\/mitdemenzleben.org\/wp-content\/uploads\/2026\/01\/FaQs.jpg 1414w\" sizes=\"auto, (max-width: 724px) 100vw, 724px\" \/><\/figure><div class=\"wp-block-media-text__content\">\n<p><strong>Alles, was Sie schon immer \u00fcber Demenz-Wohngemeinschaften wissen wollten&#8230;<\/strong><br><strong>Fragen und Antworten<\/strong><br>Hrsg. vom Verein Mit Demenz Leben e.V., 2025<br><a href=\"https:\/\/mitdemenzleben.org\/wp-content\/uploads\/2026\/01\/AllesWasSieSchonImmer_FAQ.pdf\" data-type=\"link\" data-id=\"https:\/\/mitdemenzleben.org\/wp-content\/uploads\/2026\/01\/AllesWasSieSchonImmer_FAQ.pdf\">Download PDF<\/a><\/p>\n<\/div><\/div>\n\n\n\n<div class=\"wp-block-media-text is-stacked-on-mobile\" style=\"grid-template-columns:15% auto\"><figure class=\"wp-block-media-text__media\"><img loading=\"lazy\" decoding=\"async\" width=\"724\" height=\"1024\" src=\"https:\/\/mitdemenzleben.org\/wordpress\/wp-content\/uploads\/2024\/04\/Lieder_Poesie-724x1024.jpg\" alt=\"\" class=\"wp-image-170 size-full\" srcset=\"https:\/\/mitdemenzleben.org\/wp-content\/uploads\/2024\/04\/Lieder_Poesie-724x1024.jpg 724w, https:\/\/mitdemenzleben.org\/wp-content\/uploads\/2024\/04\/Lieder_Poesie-212x300.jpg 212w, https:\/\/mitdemenzleben.org\/wp-content\/uploads\/2024\/04\/Lieder_Poesie-768x1086.jpg 768w, https:\/\/mitdemenzleben.org\/wp-content\/uploads\/2024\/04\/Lieder_Poesie-1086x1536.jpg 1086w, https:\/\/mitdemenzleben.org\/wp-content\/uploads\/2024\/04\/Lieder_Poesie.jpg 1237w\" sizes=\"auto, (max-width: 724px) 100vw, 724px\" \/><\/figure><div class=\"wp-block-media-text__content\">\n<p><strong>Mit Musik und Poesie durchs Jahr<\/strong><br>Hrsg. vom Verein Mit Demenz Leben e.V.<br><a href=\"https:\/\/mitdemenzleben.org\/wp-content\/uploads\/2024\/04\/Lieder_Poesie_web.pdf\" data-type=\"attachment\" data-id=\"175\">Download PDF<\/a><\/p>\n<\/div><\/div>\n\n\n\n<div class=\"wp-block-media-text is-stacked-on-mobile\" style=\"grid-template-columns:15% auto\"><figure class=\"wp-block-media-text__media\"><img loading=\"lazy\" decoding=\"async\" width=\"724\" height=\"1024\" src=\"https:\/\/mitdemenzleben.org\/wordpress\/wp-content\/uploads\/2024\/04\/Adventslieder-724x1024.jpg\" alt=\"\" class=\"wp-image-171 size-full\" srcset=\"https:\/\/mitdemenzleben.org\/wp-content\/uploads\/2024\/04\/Adventslieder-724x1024.jpg 724w, https:\/\/mitdemenzleben.org\/wp-content\/uploads\/2024\/04\/Adventslieder-212x300.jpg 212w, https:\/\/mitdemenzleben.org\/wp-content\/uploads\/2024\/04\/Adventslieder-768x1086.jpg 768w, https:\/\/mitdemenzleben.org\/wp-content\/uploads\/2024\/04\/Adventslieder-1086x1536.jpg 1086w, https:\/\/mitdemenzleben.org\/wp-content\/uploads\/2024\/04\/Adventslieder.jpg 1414w\" sizes=\"auto, (max-width: 724px) 100vw, 724px\" \/><\/figure><div class=\"wp-block-media-text__content\">\n<p><strong>Wir singen Advents- und Weihnachtslieder <\/strong><br>Hrsg. vom Verein Mit Demenz Leben e.V.<br><a href=\"https:\/\/mitdemenzleben.org\/wp-content\/uploads\/2024\/04\/Adventslieder.pdf\" data-type=\"attachment\" data-id=\"174\">Download PDF<\/a><\/p>\n<\/div><\/div>\n\n\n\n<p>Simone Ferrari: Farbkonzept f\u00fcr die WG B\u00fcschelstrasse: <a href=\"https:\/\/mitdemenzleben.org\/wp-content\/uploads\/2024\/04\/230816_Farbkonzept_Bueschelstrasse_Ferrari.pdf\" data-type=\"attachment\" data-id=\"198\">Download PDF<\/a><br>Susanne Euler: Wie erleben Angeh\u00f6rige die Demenz-WG: <a href=\"https:\/\/mitdemenzleben.org\/wp-content\/uploads\/2024\/04\/Euler_Wie_erleben_Angehoerige.pdf\" data-type=\"attachment\" data-id=\"176\">Download PDF<\/a><\/p>\n\n\n\n<h2 class=\"wp-block-heading\">Presse<\/h2>\n\n\n\n<p><a href=\"https:\/\/mitdemenzleben.org\/wp-content\/uploads\/2024\/07\/20240527_DE_Demenz-WG-eroeffnet-Bewegungsgarten.pdf\" data-type=\"attachment\" data-id=\"237\">Demenz-WG er\u00f6ffnet Bewegungsgarten.<\/a> Artikel aus dem <strong>Darmst\u00e4dter Echo<\/strong> vom 27. Mai 2024<br><a href=\"https:\/\/mue-mo.de\/pdfs\/2024\/2024_07_ModauBlick.pdf\">Spenden treiben bunte Bl\u00fcten.<\/a> Beitrag im <strong>Modaublick<\/strong>, Nr. 76 . Juli 2024 . 7. Jahrgang. &#8211; S. 11<\/p>\n\n\n\n<h2 class=\"wp-block-heading\">N\u00fctzliche Links<\/h2>\n\n\n\n<figure class=\"wp-block-table\"><table><tbody><tr><td>Auf der Website des Bundesministeriums f\u00fcr Bildung, Familie, Senioren, Frauen und Jugend wird der Wegweiser Demenz angeboten. Hier finden Sie umfassende Informationen und k\u00f6nnen nach Angeboten in Ihrer N\u00e4he suchen.<\/td><td><a href=\"https:\/\/www.wegweiser-demenz.de\">https:\/\/www.wegweiser-demenz.de<\/a><\/td><\/tr><tr><td>Die Deutsche Alzheimer-Gesellschaft ist eine Selbsthilfeorganisation, die sich bundesweit f\u00fcr die Verbesserung der Situation von Menschen mit Demenz und ihren Angeh\u00f6rigen einsetzt.<\/td><td><a href=\"https:\/\/www.deutsche-alzheimer.de\">https:\/\/www.deutsche-alzheimer.de<\/a><\/td><\/tr><tr><td>Informationen zum H\u00f6ren: Demenz-Podcast der Deutschen Alzheimer-Gesellschaft mit aktuellen Informationen f\u00fcr alle, die sich mit dem Thema Demenz und Pflege besch\u00e4ftigen.<\/td><td><a href=\"https:\/\/www.demenz-podcast.de\/\">https:\/\/www.demenz-podcast.de\/<\/a><\/td><\/tr><tr><td>Im Demenz-Atlas Hessen sind hessische Beratungsstellen, Angebote zur Unterst\u00fctzung im Alltag, ehrenamtliche Hilfen und Veranstaltungen zum Thema Demenz verzeichnet.<\/td><td><a href=\"https:\/\/www.demenzatlas-hessen.de\/\">https:\/\/www.demenzatlas-hessen.de\/<\/a><\/td><\/tr><tr><td>Die Stadt Darmstadt informiert und ber\u00e4t im Pflegest\u00fctzpunkt Darmstadt pflegebed\u00fcrftige Menschen, ihre Angeh\u00f6rigen und Menschen, die ganz allgemein von Behinderung und Pflege bedroht sind.<\/td><td><a href=\"https:\/\/digitales-rathaus.darmstadt.de\/kategorien\/dienstleistungen\/pflegestuetzpunkt-darmstadt-rund-um-das-thema-pflege\">https:\/\/digitales-rathaus.darmstadt.de\/kategorien\/dienstleistungen\/pflegestuetzpunkt-darmstadt-rund-um-das-thema-pflege<\/a><\/td><\/tr><tr><td>Das Demenz-Forum Darmstadt e.V. bietet Menschen mit Demenz, ihren Familien und Angeh\u00f6rigen und allen Interessierten Informationen und Beratung.<\/td><td><a href=\"https:\/\/www.demenzforum-darmstadt.de\">https:\/\/www.demenzforum-darmstadt.de<\/a><\/td><\/tr><tr><td>Wenn Sie einen freien Platz in einer Demenz-WG suchen oder selbst eine gr\u00fcnden wollen, besuchen Sie die Website der Hessischen Fachstelle Demenz-Wohngemeinschaften.<\/td><td><a href=\"https:\/\/www.demenz-wg-hessen.de\/\">https:\/\/www.demenz-wg-hessen.de\/<\/a><\/td><\/tr><tr><td>In der idyllisch am Waldrand gelegenen WG Waldm\u00fchle in Ober-Ramstadt k\u00f6nnen 12 Bewohnerinnen und Bewohner leben.<\/td><td><a href=\"http:\/\/www.wg-waldmuehle.de\/\">http:\/\/www.wg-waldmuehle.de\/<\/a><\/td><\/tr><tr><td>Ideen und Anregungen zur Alltagsgestaltung und Besch\u00e4ftigung von Menschen mit Demenz finden Sie auf der Website \u201eMal alt werden\u201c.<\/td><td><a href=\"https:\/\/mal-alt-werden.de\">https:\/\/mal-alt-werden.de<\/a><\/td><\/tr><\/tbody><\/table><\/figure>\n\n\n\n<p><\/p>\n","protected":false},"excerpt":{"rendered":"<p>Publikationen Alles, was Sie schon immer \u00fcber Demenz-Wohngemeinschaften wissen wollten&#8230;Fragen und AntwortenHrsg. vom Verein Mit Demenz Leben e.V., 2025Download PDF Mit Musik und Poesie durchs JahrHrsg. vom Verein Mit Demenz Leben e.V.Download PDF Wir singen Advents- und Weihnachtslieder Hrsg. vom Verein Mit Demenz Leben e.V.Download PDF Simone Ferrari: Farbkonzept f\u00fcr die WG B\u00fcschelstrasse: Download PDFSusanne&#8230;<\/p>\n","protected":false},"author":1,"featured_media":0,"parent":0,"menu_order":0,"comment_status":"closed","ping_status":"closed","template":"","meta":{"_kadence_starter_templates_imported_post":false,"_kad_post_transparent":"","_kad_post_title":"","_kad_post_layout":"","_kad_post_sidebar_id":"","_kad_post_content_style":"","_kad_post_vertical_padding":"","_kad_post_feature":"","_kad_post_feature_position":"","_kad_post_header":false,"_kad_post_footer":false,"footnotes":""},"class_list":["post-169","page","type-page","status-publish","hentry"],"_links":{"self":[{"href":"https:\/\/mitdemenzleben.org\/index.php\/wp-json\/wp\/v2\/pages\/169","targetHints":{"allow":["GET"]}}],"collection":[{"href":"https:\/\/mitdemenzleben.org\/index.php\/wp-json\/wp\/v2\/pages"}],"about":[{"href":"https:\/\/mitdemenzleben.org\/index.php\/wp-json\/wp\/v2\/types\/page"}],"author":[{"embeddable":true,"href":"https:\/\/mitdemenzleben.org\/index.php\/wp-json\/wp\/v2\/users\/1"}],"replies":[{"embeddable":true,"href":"https:\/\/mitdemenzleben.org\/index.php\/wp-json\/wp\/v2\/comments?post=169"}],"version-history":[{"count":19,"href":"https:\/\/mitdemenzleben.org\/index.php\/wp-json\/wp\/v2\/pages\/169\/revisions"}],"predecessor-version":[{"id":353,"href":"https:\/\/mitdemenzleben.org\/index.php\/wp-json\/wp\/v2\/pages\/169\/revisions\/353"}],"wp:attachment":[{"href":"https:\/\/mitdemenzleben.org\/index.php\/wp-json\/wp\/v2\/media?parent=169"}],"curies":[{"name":"wp","href":"https:\/\/api.w.org\/{rel}","templated":true}]}}

<h2 class="wp-block-heading">Publikationen</h2>



<div class="wp-block-media-text is-stacked-on-mobile" style="grid-template-columns:15% auto"><figure class="wp-block-media-text__media"><img loading="lazy" decoding="async" width="724" height="1024" src="https://mitdemenzleben.org/wp-content/uploads/2026/01/FaQs-724x1024.jpg" alt="" class="wp-image-350 size-full" srcset="https://mitdemenzleben.org/wp-content/uploads/2026/01/FaQs-724x1024.jpg 724w, https://mitdemenzleben.org/wp-content/uploads/2026/01/FaQs-212x300.jpg 212w, https://mitdemenzleben.org/wp-content/uploads/2026/01/FaQs-768x1086.jpg 768w, https://mitdemenzleben.org/wp-content/uploads/2026/01/FaQs-1086x1536.jpg 1086w, https://mitdemenzleben.org/wp-content/uploads/2026/01/FaQs.jpg 1414w" sizes="auto, (max-width: 724px) 100vw, 724px" /></figure><div class="wp-block-media-text__content">
<p><strong>Alles, was Sie schon immer über Demenz-Wohngemeinschaften wissen wollten&#8230;</strong><br><strong>Fragen und Antworten</strong><br>Hrsg. vom Verein Mit Demenz Leben e.V., 2025<br><a href="https://mitdemenzleben.org/wp-content/uploads/2026/01/AllesWasSieSchonImmer_FAQ.pdf" data-type="link" data-id="https://mitdemenzleben.org/wp-content/uploads/2026/01/AllesWasSieSchonImmer_FAQ.pdf">Download PDF</a></p>
</div></div>



<div class="wp-block-media-text is-stacked-on-mobile" style="grid-template-columns:15% auto"><figure class="wp-block-media-text__media"><img loading="lazy" decoding="async" width="724" height="1024" src="https://mitdemenzleben.org/wordpress/wp-content/uploads/2024/04/Lieder_Poesie-724x1024.jpg" alt="" class="wp-image-170 size-full" srcset="https://mitdemenzleben.org/wp-content/uploads/2024/04/Lieder_Poesie-724x1024.jpg 724w, https://mitdemenzleben.org/wp-content/uploads/2024/04/Lieder_Poesie-212x300.jpg 212w, https://mitdemenzleben.org/wp-content/uploads/2024/04/Lieder_Poesie-768x1086.jpg 768w, https://mitdemenzleben.org/wp-content/uploads/2024/04/Lieder_Poesie-1086x1536.jpg 1086w, https://mitdemenzleben.org/wp-content/uploads/2024/04/Lieder_Poesie.jpg 1237w" sizes="auto, (max-width: 724px) 100vw, 724px" /></figure><div class="wp-block-media-text__content">
<p><strong>Mit Musik und Poesie durchs Jahr</strong><br>Hrsg. vom Verein Mit Demenz Leben e.V.<br><a href="https://mitdemenzleben.org/wp-content/uploads/2024/04/Lieder_Poesie_web.pdf" data-type="attachment" data-id="175">Download PDF</a></p>
</div></div>



<div class="wp-block-media-text is-stacked-on-mobile" style="grid-template-columns:15% auto"><figure class="wp-block-media-text__media"><img loading="lazy" decoding="async" width="724" height="1024" src="https://mitdemenzleben.org/wordpress/wp-content/uploads/2024/04/Adventslieder-724x1024.jpg" alt="" class="wp-image-171 size-full" srcset="https://mitdemenzleben.org/wp-content/uploads/2024/04/Adventslieder-724x1024.jpg 724w, https://mitdemenzleben.org/wp-content/uploads/2024/04/Adventslieder-212x300.jpg 212w, https://mitdemenzleben.org/wp-content/uploads/2024/04/Adventslieder-768x1086.jpg 768w, https://mitdemenzleben.org/wp-content/uploads/2024/04/Adventslieder-1086x1536.jpg 1086w, https://mitdemenzleben.org/wp-content/uploads/2024/04/Adventslieder.jpg 1414w" sizes="auto, (max-width: 724px) 100vw, 724px" /></figure><div class="wp-block-media-text__content">
<p><strong>Wir singen Advents- und Weihnachtslieder </strong><br>Hrsg. vom Verein Mit Demenz Leben e.V.<br><a href="https://mitdemenzleben.org/wp-content/uploads/2024/04/Adventslieder.pdf" data-type="attachment" data-id="174">Download PDF</a></p>
</div></div>



<p>Simone Ferrari: Farbkonzept für die WG Büschelstrasse: <a href="https://mitdemenzleben.org/wp-content/uploads/2024/04/230816_Farbkonzept_Bueschelstrasse_Ferrari.pdf" data-type="attachment" data-id="198">Download PDF</a><br>Susanne Euler: Wie erleben Angehörige die Demenz-WG: <a href="https://mitdemenzleben.org/wp-content/uploads/2024/04/Euler_Wie_erleben_Angehoerige.pdf" data-type="attachment" data-id="176">Download PDF</a></p>



<h2 class="wp-block-heading">Presse</h2>



<p><a href="https://mitdemenzleben.org/wp-content/uploads/2024/07/20240527_DE_Demenz-WG-eroeffnet-Bewegungsgarten.pdf" data-type="attachment" data-id="237">Demenz-WG eröffnet Bewegungsgarten.</a> Artikel aus dem <strong>Darmstädter Echo</strong> vom 27. Mai 2024<br><a href="https://mue-mo.de/pdfs/2024/2024_07_ModauBlick.pdf">Spenden treiben bunte Blüten.</a> Beitrag im <strong>Modaublick</strong>, Nr. 76 . Juli 2024 . 7. Jahrgang. &#8211; S. 11</p>



<h2 class="wp-block-heading">Nützliche Links</h2>



<figure class="wp-block-table"><table><tbody><tr><td>Auf der Website des Bundesministeriums für Bildung, Familie, Senioren, Frauen und Jugend wird der Wegweiser Demenz angeboten. Hier finden Sie umfassende Informationen und können nach Angeboten in Ihrer Nähe suchen.</td><td><a href="https://www.wegweiser-demenz.de">https://www.wegweiser-demenz.de</a></td></tr><tr><td>Die Deutsche Alzheimer-Gesellschaft ist eine Selbsthilfeorganisation, die sich bundesweit für die Verbesserung der Situation von Menschen mit Demenz und ihren Angehörigen einsetzt.</td><td><a href="https://www.deutsche-alzheimer.de">https://www.deutsche-alzheimer.de</a></td></tr><tr><td>Informationen zum Hören: Demenz-Podcast der Deutschen Alzheimer-Gesellschaft mit aktuellen Informationen für alle, die sich mit dem Thema Demenz und Pflege beschäftigen.</td><td><a href="https://www.demenz-podcast.de/">https://www.demenz-podcast.de/</a></td></tr><tr><td>Im Demenz-Atlas Hessen sind hessische Beratungsstellen, Angebote zur Unterstützung im Alltag, ehrenamtliche Hilfen und Veranstaltungen zum Thema Demenz verzeichnet.</td><td><a href="https://www.demenzatlas-hessen.de/">https://www.demenzatlas-hessen.de/</a></td></tr><tr><td>Die Stadt Darmstadt informiert und berät im Pflegestützpunkt Darmstadt pflegebedürftige Menschen, ihre Angehörigen und Menschen, die ganz allgemein von Behinderung und Pflege bedroht sind.</td><td><a href="https://digitales-rathaus.darmstadt.de/kategorien/dienstleistungen/pflegestuetzpunkt-darmstadt-rund-um-das-thema-pflege">https://digitales-rathaus.darmstadt.de/kategorien/dienstleistungen/pflegestuetzpunkt-darmstadt-rund-um-das-thema-pflege</a></td></tr><tr><td>Das Demenz-Forum Darmstadt e.V. bietet Menschen mit Demenz, ihren Familien und Angehörigen und allen Interessierten Informationen und Beratung.</td><td><a href="https://www.demenzforum-darmstadt.de">https://www.demenzforum-darmstadt.de</a></td></tr><tr><td>Wenn Sie einen freien Platz in einer Demenz-WG suchen oder selbst eine gründen wollen, besuchen Sie die Website der Hessischen Fachstelle Demenz-Wohngemeinschaften.</td><td><a href="https://www.demenz-wg-hessen.de/">https://www.demenz-wg-hessen.de/</a></td></tr><tr><td>In der idyllisch am Waldrand gelegenen WG Waldmühle in Ober-Ramstadt können 12 Bewohnerinnen und Bewohner leben.</td><td><a href="http://www.wg-waldmuehle.de/">http://www.wg-waldmuehle.de/</a></td></tr><tr><td>Ideen und Anregungen zur Alltagsgestaltung und Beschäftigung von Menschen mit Demenz finden Sie auf der Website „Mal alt werden“.</td><td><a href="https://mal-alt-werden.de">https://mal-alt-werden.de</a></td></tr></tbody></table></figure>



<p></p>

<p>Publikationen Alles, was Sie schon immer über Demenz-Wohngemeinschaften wissen wollten&#8230;Fragen und AntwortenHrsg. vom Verein Mit Demenz Leben e.V., 2025Download PDF Mit Musik und Poesie durchs JahrHrsg. vom Verein Mit Demenz Leben e.V.Download PDF Wir singen Advents- und Weihnachtslieder Hrsg. vom Verein Mit Demenz Leben e.V.Download PDF Simone Ferrari: Farbkonzept für die WG Büschelstrasse: Download PDFSusanne&#8230;</p>
