{"id":355,"date":"2026-01-11T16:29:30","date_gmt":"2026-01-11T15:29:30","guid":{"rendered":"https:\/\/mitdemenzleben.org\/?page_id=355"},"modified":"2026-01-11T16:29:30","modified_gmt":"2026-01-11T15:29:30","slug":"haeufige-fragen-und-antworten","status":"publish","type":"page","link":"https:\/\/mitdemenzleben.org\/index.php\/haeufige-fragen-und-antworten\/","title":{"rendered":"H\u00e4ufige Fragen und Antworten"},"content":{"rendered":"\n<p><a href=\"#Unterschied\" data-type=\"internal\" data-id=\"#Unterschied\">Was ist der Unterschied zu einem Pflegeheim?<\/a><br><a href=\"#Bedeutung\" data-type=\"internal\" data-id=\"#Bedeutung\">Was bedeutet angeh\u00f6rigen-gef\u00fchrt?<\/a><br><a href=\"#Zeitaufwand\" data-type=\"internal\" data-id=\"#Zeitaufwand\">In welcher Form und mit welchem Zeitaufwand muss ich mich als Angeh\u00f6rige\/r einbringen?<\/a><br><a href=\"#Einrichtung\" data-type=\"internal\" data-id=\"#Einrichtung\">Ist die Demenz-WG eine geschlossene Einrichtung?<\/a><br><a href=\"#Wer\" data-type=\"internal\" data-id=\"#Wer\">K\u00f6nnen nur Menschen mit Demenz in die WG einziehen?<\/a><br><a href=\"#Besonderheit\" data-type=\"internal\" data-id=\"#Besonderheit\">Was ist das Besondere an einer WG?<\/a><br><a href=\"#Voraussetzungen\">Was sind wichtige Voraussetzungen f\u00fcr eine gut funktionierende WG?<\/a><br><a href=\"#Arzt\" data-type=\"internal\" data-id=\"#Arzt\">Wie sieht die \u00e4rztliche Betreuung aus?<\/a><br><a href=\"#Ausflug\" data-type=\"internal\" data-id=\"#Ausflug\">Darf ich meinen Angeh\u00f6rigen zu einer Urlaubsfahrt oder einem Ausflug abholen?<\/a><br><a href=\"#Besch\u00e4ftigung\">Welche Form der Besch\u00e4ftigung wird in den WGs angeboten?<\/a><br><a href=\"#Besuche\">Gibt es in der WG Besuchszeiten oder andere Beschr\u00e4nkungen f\u00fcr die Angeh\u00f6rigen?<\/a><br><a href=\"#Kosten\">Welche Kosten entstehen beim Wohnen in einer Demenz-WG?<\/a><br><a href=\"#Pflegeversicherung\" data-type=\"internal\" data-id=\"#Pflegeversicherung\">Werden Demenz-Wohngemeinschaften von der Pflegeversicherung unterst\u00fctzt?<\/a><br><a href=\"#Zeitpunkt\" data-type=\"internal\" data-id=\"#Zeitpunkt\">Wann ist der richtige Zeitpunkt f\u00fcr einen Einzug in die WG?<\/a><br><a href=\"#Verein\" data-type=\"internal\" data-id=\"#Verein\">Warum sollen die Bewohnerinnen und Bewohner Mitglied im Verein sein?<\/a><\/p>\n\n\n\n<h2 class=\"wp-block-heading\" id=\"Unterschied\">Was ist der Unterschied zu einem Pflegeheim?<\/h2>\n\n\n\n<p>Im Unterschied zu einem Pflegeheim ist die angeh\u00f6rigen-gef\u00fchrte Demenz-Wohngemeinschaft eine Privatwohnung, die nicht der Heimaufsicht unterliegt.<br>Vermieter und Pflegedienst sind voneinander unabh\u00e4ngig. Das angemietete Zimmer ist leer und kann jeweils mit eigenen M\u00f6beln eingerichtet und nach<br>eigenem Geschmack gestaltet werden.<br>W\u00e4hrend die Angeh\u00f6rigen beim Einzug ihres Elternteils oder ihrer Ehepartnerin bzw. des Ehepartners in ein Pflegeheim die Verantwortung weitgehend<br>abgeben, regeln sie in der Wohngemeinschaft alle Fragen des t\u00e4glichen Lebens gemeinsam mit den anderen Angeh\u00f6rigen im Sinne der dort lebenden<br>Menschen mit Demenz. Dazu sind sie in der Regel durch ihre dort lebende Mutter, ihren Vater, Ehepartner bzw. -partnerin, Schwester oder Bruder, aber<br>auch Kind im Erwachsenenalter, bevollm\u00e4chtigt.<br>Die Angeh\u00f6rigen entscheiden im Sinne der Bewohnerinnen und Bewohner \u00fcber die gemeinsame Beauftragung eines ambulanten Pflegedienstes, \u00fcber den<br>Einkauf, das Essen, die Betreuung und alle anderen Belange des t\u00e4glichen Lebens, wie beispielsweise Waschen und Putzen.<br>In unseren Wohngemeinschaften werden die Angeh\u00f6rigen dabei von einer Koordinatorin unterst\u00fctzt.<\/p>\n\n\n\n<h2 class=\"wp-block-heading\" id=\"Bedeutung\">Was bedeutet angeh\u00f6rigen-gef\u00fchrt?<\/h2>\n\n\n\n<p>Angeh\u00f6rigen-gef\u00fchrt bedeutet, dass die Wohngemeinschaft keinen institutionellen Tr\u00e4ger hat. Stattdessen wird sie in Eigenverantwortung von den Angeh\u00f6rigen der Bewohnerinnen und Bewohner gemeinsam organisiert und geleitet. Dabei werden sie in unseren Wohngemeinschaften von einer Koordinatorin unterst\u00fctzt. Die Koordinatorin ist das Bindeglied zwischen den Angeh\u00f6rigen, den Bewohnerinnen und Bewohnern, den Vermietern und dem Pflegedienst.<br>Die Angeh\u00f6rigen haben also einerseits ein Mitspracherecht, \u00fcbernehmen abergleicherma\u00dfen auch Verantwortung. Dies nicht nur f\u00fcr die zu ihnen geh\u00f6renden Bewohnerinnen oder Bewohner, sondern auch f\u00fcr die Gemeinschaft als Ganzes. Dazu sind die Angeh\u00f6rigen jeder Wohngemeinschaft im sog. \u201cGremium der Selbstbestimmung\u201d unseres Vereins organisiert. Sie treffen sich in regelm\u00e4\u00dfigen Abst\u00e4nden innerhalb des \u201cGremiums der Selbstbestimmung\u201d und besprechen alles Notwendige. Gleichzeitig hilft der Austausch mit den anderen Betroffenen den Angeh\u00f6rigen auch so manche Situation oder das Verhalten von Vater oder Mutter besser zu verstehen.<\/p>\n\n\n\n<h2 class=\"wp-block-heading\" id=\"Zeitaufwand\">In welcher Form und mit welchem Zeitaufwand muss ich mich als Angeh\u00f6rige\/r einbringen?<\/h2>\n\n\n\n<p>Wir gehen selbstverst\u00e4ndlich davon aus, dass Sie bzw. andere Familienmitglieder regelm\u00e4\u00dfig in die Wohngemeinschaft kommen, um Ihren Angeh\u00f6rigen zu besuchen, sich zu unterhalten, spazieren zu gehen und all das zu tun, was Sie auch tun w\u00fcrden, wenn diese Person daheim leben w\u00fcrde. Alle sechs Wochen treffen sich die Angeh\u00f6rigen aller Bewohnerinnen und Bewohner im \u201cGremium der Selbstbestimmung\u201d. Die Teilnahme an diesen Treffen ist Pflicht. Dar\u00fcber hinaus erwarten wir pro Quartal mindestens 4 Stunden Einsatz f\u00fcr die Gemeinschaft. Das kann Singen mit den Bewohnerinnen und Bewohnern oder eine andere Besch\u00e4ftigung sein. Oder ein Einsatz in der K\u00fcche mit Kochen oder Backen oder im Sommer grillen. Aber auch einmal f\u00fcr Ordnung im Keller der Wohngemeinschaft sorgen oder den Weihnachtsbaum aufstellen und gemeinsam mit den Bewohnerinnen und Bewohnern schm\u00fccken. Die Einsatzm\u00f6glichkeiten sind vielf\u00e4ltig, je nach Neigung und F\u00e4higkeiten. \u00dcblicherweise nehmen Sie auch das Stimmrecht f\u00fcr ihren Angeh\u00f6rigen im Verein wahr. Dar\u00fcber hinaus k\u00f6nnen die Angeh\u00f6rigen nat\u00fcrlich auch selbst Mitglied unseres Vereins werden.<br>Wir freuen uns, wenn Sie aktiv mitarbeiten!<\/p>\n\n\n\n<h2 class=\"wp-block-heading\" id=\"Einrichtung\">Ist die Demenz-WG eine geschlossene Einrichtung?<\/h2>\n\n\n\n<p>Eine Demenz-Wohngemeinschaft ist eine Privatwohnung und keine Einrichtung. Man kann sie sich wie eine Art Gro\u00dffamilie vorstellen. Alle Beteiligten \u2013 Angeh\u00f6rige wie Pflege- und Betreuungskr\u00e4fte \u2013 sollten sich der Tatsache bewusst sein, dass es die Wohnung der hier lebenden Menschen mit Demenz ist. Mit Ausnahme der Bewohnerinnen und Bewohner selbst, sind alle anderen \u201enur\u201c G\u00e4ste. Dementsprechend gibt es keine Heimregeln wie in einer Einrichtung. Stattdessen bestimmen die Bewohnerinnen und Bewohner bzw. ihre Angeh\u00f6rigen selbst, was f\u00fcr sie wichtig ist, und gestalten das Zusammenleben nach ihren Bed\u00fcrfnissen.<\/p>\n\n\n\n<h2 class=\"wp-block-heading\" id=\"Wer\">K\u00f6nnen nur Menschen mit Demenz in die WG einziehen?<\/h2>\n\n\n\n<p>Prinzipiell k\u00f6nnten in eine Demenz-Wohngemeinschaft auch Menschen ohne Demenz einziehen. In der WG B\u00fcschelstrasse und der WG Waldm\u00fchle ist eine best\u00e4tigte Demenz jedoch eine Voraussetzung f\u00fcr den Einzug. So k\u00f6nnen wir sicherstellen, dass das Leben in der Wohngemeinschaft ganz auf die besonderen Bed\u00fcrfnisse der Bewohnerinnen und Bewohner mit Demenz ausgerichtet werden kann.<\/p>\n\n\n\n<h2 class=\"wp-block-heading\" id=\"Besonderheit\">Was ist das Besondere an einer WG?<\/h2>\n\n\n\n<p>Eine Demenz-Wohngemeinschaft ist mehr als nur ein Wohnort \u2013 sie ist eine echte Gemeinschaft, ein Zuhause. In unseren Wohngemeinschaften leben zehn bzw. zw\u00f6lf Menschen mit Demenz. Sie werden von Pflegekr\u00e4ften gepflegt, von Alltagsbegleiterinnen und -begleitern betreut, von ihren Angeh\u00f6rigen unterst\u00fctzt und in einem familien\u00e4hnlichen Zuhause umsorgt. Wichtig ist, dass Pflege- und Betreuungskr\u00e4fte sowie Angeh\u00f6rige an einem Strang ziehen und Hand in Hand arbeiten. Dabei sollen sie das von jeder Wohngemeinschaft entwickelte Konzept des Zusammenlebens und -arbeitens unterst\u00fctzen und leben. Angeh\u00f6rige, Pflegekr\u00e4fte und Betreuende arbeiten eng zusammen \u2013 immer im Sinne der Bewohnerinnen und Bewohner. Dabei ist wichtig zu wissen: Die Wohngemeinschaft geh\u00f6rt den Menschen, die dort leben. Alle anderen \u2013 egal ob Pflegekr\u00e4fte oder Angeh\u00f6rige \u2013 sind im besten Sinne \u201eG\u00e4ste\u201c in deren Zuhause.<\/p>\n\n\n\n<h2 class=\"wp-block-heading\" id=\"Voraussetzungen\">Was sind wichtige Voraussetzungen f\u00fcr eine gut funktionierende WG?<\/h2>\n\n\n\n<p>Eine Demenz-WG kann eine gute Wahl sein, wenn:<\/p>\n\n\n\n<ul class=\"wp-block-list\">\n<li>Die Angeh\u00f6rigen bereit und in der Lage dazu sind, sich regelm\u00e4\u00dfig um ihren Bewohner bzw. ihre Bewohnerin zu k\u00fcmmern.<\/li>\n\n\n\n<li>Die Angeh\u00f6rigen sich aktiv einbringen und gemeinsam an einem Strang ziehen.<\/li>\n\n\n\n<li>Die Angeh\u00f6rigen sich f\u00fcr das Konzept und f\u00fcr alle Bewohnerinnen und Bewohner der Wohngemeinschaft engagieren.<\/li>\n\n\n\n<li>Angeh\u00f6rige und Pflegekr\u00e4fte ein eingespieltes Team sind.<\/li>\n\n\n\n<li>Der Pflegedienst gute Arbeit leistet und die Angeh\u00f6rigen unterst\u00fctzt.<\/li>\n\n\n\n<li>Qualifiziertes und motiviertes Personal vorhanden ist.<\/li>\n\n\n\n<li>Das Wohngeb\u00e4ude passend eingerichtet und ausgestattet ist.<\/li>\n\n\n\n<li>Eine f\u00fcr die Bewohnerinnen und Bewohner sinnvolle Besch\u00e4ftigung gew\u00e4hrleistet ist.<\/li>\n<\/ul>\n\n\n\n<h2 class=\"wp-block-heading\" id=\"Versorgung\">Wie ist die Versorgung in der WG?<\/h2>\n\n\n\n<p>Zur Unterst\u00fctzung der Bewohnerinnen und Bewohner, f\u00fcr die Pflege und Betreuung sowie die Hauswirtschaft ist rund um die Uhr ein ambulanter Pflegedienst vor Ort. Dabei kann jede Bewohnerin und jeder Bewohner den Pflege- und Betreuungsdienstleister frei w\u00e4hlen. Analog der Situation in einem Einzelhaushalt schlie\u00dft jedes Mitglied der Wohngemeinschaft einen Mietvertrag mit dem Vermieter des Hauses sowie einen individuellen Pflegevertrag mit einem ambulanten Pflegedienst ab. Um die Pflege gut und effizient zu organisieren und damit die Anwesenheit von Pflegekr\u00e4ften tags\u00fcber und auch nachts sicherzustellen, w\u00e4hlen die Angeh\u00f6rigen \u2013 im \u201cGremium der Selbstbestimmung\u201d \u2013 meist einen gemeinsamen Pflegedienst aus. So k\u00f6nnen die Pflegezeiten der einzelnen Bewohnerinnen und Bewohner der Wohngemeinschaft geb\u00fcndelt werden und dadurch allen zugutekommen. Neben dem Pflegevertrag schlie\u00dfen die Bewohnerinnen und Bewohner bzw. ihre Angeh\u00f6rigen jeweils eigene Vertr\u00e4ge f\u00fcr hauswirtschaftliche Hilfe, Betreuung und\/der medizinische Pflege \u2013 wie z. B. Medikamentengabe \u2013 ab.<\/p>\n\n\n\n<h2 class=\"wp-block-heading\" id=\"Arzt\">Wie sieht die \u00e4rztliche Betreuung aus?<\/h2>\n\n\n\n<p>Die Bewohnerinnen und. Bewohner haben die freie Arztwahl und k\u00f6nnen weiterhin von ihrem Hausarzt oder ihrer Haus\u00e4rztin und\/oder anderen \u00c4rzten versorgt werden, die sie dann gemeinsam mit ihren Angeh\u00f6rigen aufsuchen. Einige \u00c4rzte machen auch Hausbesuche in der Wohngemeinschaft. Es kann sinnvoll sein, einen Arzt oder eine \u00c4rztin zu w\u00e4hlen, der\/die schon Hausbesuche in der WG macht. So ist eine gute medizinische Versorgung weiterhin m\u00f6glich.<\/p>\n\n\n\n<h2 class=\"wp-block-heading\" id=\"Ausflug\">Darf ich meinen Angeh\u00f6rigen zu einer Urlaubsfahrt oder einem Ausflug abholen?<\/h2>\n\n\n\n<p>Sofern der Gesundheitszustand das zul\u00e4sst, k\u00f6nnen Sie jederzeit einen Ausflug mit Ihren Angeh\u00f6rigen unternehmen. Eine l\u00e4ngere Abwesenheit (zum Beispiel ein Urlaub) sollte jedoch gut \u00fcberlegt sein und bedarf einer sorgf\u00e4ltigen Abw\u00e4gung. Eine ver\u00e4nderte Umgebung k\u00f6nnte die Bewohnerin oder den Bewohner m\u00f6glicherweise zu sehr verwirren.<\/p>\n\n\n\n<h2 class=\"wp-block-heading\" id=\"Besch\u00e4ftigung\">Welche Form der Besch\u00e4ftigung wird in den WGs angeboten?<\/h2>\n\n\n\n<p>Die Bewohnerinnen und Bewohner sollen sich wohlf\u00fchlen und aktiv am Alltag teilnehmen. Deshalb gibt es ein Angebot an Aktivit\u00e4ten wie zum Beispiel Kochen, Basteln, Malen, Musik h\u00f6ren, Singen, Spazierengehen, Tanzen und Vorlesen. Die Besch\u00e4ftigung muss in den Augen der Bewohnerinnen und Bewohner sinnvoll sein. Dabei gilt das Motto: Alles kann \u2013 nichts muss. Wichtig ist nur, dass es den Menschen Freude bereitet.<\/p>\n\n\n\n<h2 class=\"wp-block-heading\" id=\"Besuche\">Gibt es in der WG Besuchszeiten oder andere Beschr\u00e4nkungen f\u00fcr die Angeh\u00f6rigen?<\/h2>\n\n\n\n<p>Die Angeh\u00f6rigen k\u00f6nnen prinzipiell unabh\u00e4ngig von der Tageszeit jederzeit in die Wohngemeinschaft kommen, auch nachts. Wie in jeder Gemeinschaft gelten in der Wohngemeinschaft dabei die Prinzipien eines r\u00fccksichtsvollen Miteinanders. Abgesehen von den Bewohnerinnen und Bewohnern sind alle anderen G\u00e4ste und sollten sich entsprechend verhalten.<\/p>\n\n\n\n<h2 class=\"wp-block-heading\" id=\"Kosten\">Welche Kosten entstehen beim Wohnen in einer Demenz-WG?<\/h2>\n\n\n\n<p>Kosten entstehen f\u00fcr Miete, Betreuung und Hauswirtschaft, Haushaltsgeld, Pflege nach Pflegegrad, ggf. Behandlungspflege (Medikamentengabe etc.) und die Koordination. Es ist schwierig, pauschal eine genaue Summe zu nennen. Der Eigenanteil der Kosten ist vergleichbar mit den Kosten in einem Heim. Er liegt aktuell bei ca. 3.000 Euro.<\/p>\n\n\n\n<h2 class=\"wp-block-heading\" id=\"Pflegeversicherung\">Werden Demenz-Wohngemeinschaften von der Pflegeversicherung unterst\u00fctzt?<\/h2>\n\n\n\n<p>Die Pflegeversicherung leistet derzeit analog der Pflege zuhause, wenn ein ambulanter Pflegedienst in Anspruch genommen wird. Das bedeutet, sie zahlt die sog. Pflegesachleistung gem\u00e4\u00df des festgestellten Pflegegrads (\u00a7 36 SGB XI), die Entlastungsleistung (\u00a7 45b SGB XI), und den Wohngruppenzuschlag (\u00a7 38a SGB XI). Dar\u00fcber hinaus k\u00f6nnen Leistungen der Verhinderungs- und der Kurzzeitpflege (\u00a7 39 SGB XI) in Anspruch genommen werden.<\/p>\n\n\n\n<h2 class=\"wp-block-heading\" id=\"Zeitpunkt\">Wann ist der richtige Zeitpunkt f\u00fcr einen Einzug in die WG?<\/h2>\n\n\n\n<p>H\u00e4ufig sagen Angeh\u00f6rige, dass der an Demenz erkrankte Mensch noch nicht soweit sei und es f\u00fcr einen Einzug zu fr\u00fch w\u00e4re. Die Frage nach dem richtigen Zeitpunkt ist nat\u00fcrlich individuell verschieden zu beantworten. Dennoch gibt es einige Anhaltspunkte, die h\u00e4ufig in Kombination miteinander auftreten und deutliche Anzeichen f\u00fcr eine Demenz sind:<\/p>\n\n\n\n<ul class=\"wp-block-list\">\n<li>Die Person kann sich zunehmend nicht mehr erinnern.<\/li>\n\n\n\n<li>Sie ist zeitlich und \u00f6rtlich desorientiert.<\/li>\n\n\n\n<li>Sie l\u00e4sst Herdplatten eingeschaltet und verl\u00e4sst die Wohnung.<\/li>\n\n\n\n<li>Sie wird f\u00fcr sich und andere zur Gefahr.<\/li>\n\n\n\n<li>Sie ern\u00e4hrt sich nicht mehr regelm\u00e4\u00dfig, st\u00fcrzt h\u00e4ufig.<\/li>\n\n\n\n<li>Sie braucht zunehmend Hilfe bei Alltagst\u00e4tigkeiten und der K\u00f6rperhygiene.<\/li>\n\n\n\n<li>Sie zieht sich zur\u00fcck und verliert ihre Tagesstruktur.<\/li>\n\n\n\n<li>Sie wird ohne erkennbaren Anlass aggressiv und\/oder \u00e4ngstlich.<\/li>\n<\/ul>\n\n\n\n<p>Meist k\u00f6nnen Angeh\u00f6rige in der Anfangsphase die Pflege selbst erbringen. Irgendwann ist eine Rund-um-die-Uhr-Betreuung zu Hause nicht mehr m\u00f6glich, und die Angeh\u00f6rigen f\u00fchlen sich \u00fcberfordert. H\u00e4ufig leiden sie selbst unter der Situation. Sp\u00e4testens dann ist der Zeitpunkt gekommen, \u00fcber einen Einzug in eine Demenz-Wohngemeinschaft nachzudenken. Nach der Eingew\u00f6hnungsphase merken alle Beteiligten schnell, dass die Wohngemeinschaft eine gro\u00dfe Erleichterung bieten kann.<\/p>\n\n\n\n<h2 class=\"wp-block-heading\" id=\"Verein\">Warum sollen die Bewohnerinnen und Bewohner Mitglied im Verein sein?<\/h2>\n\n\n\n<p>Alle Bewohnerinnen und Bewohner der beiden angeschlossenen Wohngemeinschaften sind Mitglied in unserem Verein. Die Angeh\u00f6rigen vertreten sie dort meist \u2013 im sogenannten \u201eGremium der Selbstbestimmung\u201c. Der wichtigste Grund f\u00fcr die Vereinsmitgliedschaft ist der rechtliche Schutz der Angeh\u00f6rigen und die Haftungsfrage. Um diese Sicherheit zu bieten, m\u00fcssen die Bewohnerinnen und Bewohner Mitglied im Verein \u201cMit Demenz Leben e.V.\u201d sein.<br><br>F\u00fcr die Antworten auf diese Fragen laden Sie auch gerne unsere Publikation &#8222;<strong><a href=\"https:\/\/mitdemenzleben.org\/wp-content\/uploads\/2026\/01\/AllesWasSieSchonImmer_FAQ.pdf\" data-type=\"link\" data-id=\"https:\/\/mitdemenzleben.org\/wp-content\/uploads\/2026\/01\/AllesWasSieSchonImmer_FAQ.pdf\">Alles, was Sie schon immer \u00fcber Demenz-Wohngemeinschaften wissen wollten&#8230;<\/a><\/strong>&#8220; herunter. <br><style type=\"text\/css\">p.p1 {margin: 0.0px 0.0px 0.0px 0.0px; font: 10.0px Helvetica; color:<\/style><\/p>\n\n\n\n<p><\/p>\n","protected":false},"excerpt":{"rendered":"<p>Was ist der Unterschied zu einem Pflegeheim?Was bedeutet angeh\u00f6rigen-gef\u00fchrt?In welcher Form und mit welchem Zeitaufwand muss ich mich als Angeh\u00f6rige\/r einbringen?Ist die Demenz-WG eine geschlossene Einrichtung?K\u00f6nnen nur Menschen mit Demenz in die WG einziehen?Was ist das Besondere an einer WG?Was sind wichtige Voraussetzungen f\u00fcr eine gut funktionierende WG?Wie sieht die \u00e4rztliche Betreuung aus?Darf ich meinen&#8230;<\/p>\n","protected":false},"author":1,"featured_media":0,"parent":0,"menu_order":0,"comment_status":"closed","ping_status":"closed","template":"","meta":{"_kadence_starter_templates_imported_post":false,"_kad_post_transparent":"","_kad_post_title":"","_kad_post_layout":"","_kad_post_sidebar_id":"","_kad_post_content_style":"","_kad_post_vertical_padding":"","_kad_post_feature":"","_kad_post_feature_position":"","_kad_post_header":false,"_kad_post_footer":false,"footnotes":""},"class_list":["post-355","page","type-page","status-publish","hentry"],"_links":{"self":[{"href":"https:\/\/mitdemenzleben.org\/index.php\/wp-json\/wp\/v2\/pages\/355","targetHints":{"allow":["GET"]}}],"collection":[{"href":"https:\/\/mitdemenzleben.org\/index.php\/wp-json\/wp\/v2\/pages"}],"about":[{"href":"https:\/\/mitdemenzleben.org\/index.php\/wp-json\/wp\/v2\/types\/page"}],"author":[{"embeddable":true,"href":"https:\/\/mitdemenzleben.org\/index.php\/wp-json\/wp\/v2\/users\/1"}],"replies":[{"embeddable":true,"href":"https:\/\/mitdemenzleben.org\/index.php\/wp-json\/wp\/v2\/comments?post=355"}],"version-history":[{"count":17,"href":"https:\/\/mitdemenzleben.org\/index.php\/wp-json\/wp\/v2\/pages\/355\/revisions"}],"predecessor-version":[{"id":372,"href":"https:\/\/mitdemenzleben.org\/index.php\/wp-json\/wp\/v2\/pages\/355\/revisions\/372"}],"wp:attachment":[{"href":"https:\/\/mitdemenzleben.org\/index.php\/wp-json\/wp\/v2\/media?parent=355"}],"curies":[{"name":"wp","href":"https:\/\/api.w.org\/{rel}","templated":true}]}}