{"id":47,"date":"2024-04-19T14:02:27","date_gmt":"2024-04-19T12:02:27","guid":{"rendered":"https:\/\/mitdemenzleben.org\/wordpress\/?page_id=47"},"modified":"2025-01-12T15:27:35","modified_gmt":"2025-01-12T14:27:35","slug":"diagnose-demenz","status":"publish","type":"page","link":"https:\/\/mitdemenzleben.org\/","title":{"rendered":"Mit Demenz leben"},"content":{"rendered":"\n<div class=\"wp-block-media-text is-stacked-on-mobile is-vertically-aligned-top\" style=\"grid-template-columns:35% auto\"><figure class=\"wp-block-media-text__media\"><img loading=\"lazy\" decoding=\"async\" width=\"1024\" height=\"1024\" src=\"https:\/\/mitdemenzleben.org\/wordpress\/wp-content\/uploads\/2024\/04\/IMG_3266-1-1024x1024.jpeg\" alt=\"\" class=\"wp-image-118 size-full\" srcset=\"https:\/\/mitdemenzleben.org\/wp-content\/uploads\/2024\/04\/IMG_3266-1-1024x1024.jpeg 1024w, https:\/\/mitdemenzleben.org\/wp-content\/uploads\/2024\/04\/IMG_3266-1-300x300.jpeg 300w, https:\/\/mitdemenzleben.org\/wp-content\/uploads\/2024\/04\/IMG_3266-1-150x150.jpeg 150w, https:\/\/mitdemenzleben.org\/wp-content\/uploads\/2024\/04\/IMG_3266-1-768x768.jpeg 768w, https:\/\/mitdemenzleben.org\/wp-content\/uploads\/2024\/04\/IMG_3266-1-1536x1536.jpeg 1536w, https:\/\/mitdemenzleben.org\/wp-content\/uploads\/2024\/04\/IMG_3266-1.jpeg 1911w\" sizes=\"auto, (max-width: 1024px) 100vw, 1024px\" \/><\/figure><div class=\"wp-block-media-text__content\"><style>.wp-block-kadence-advancedheading.kt-adv-heading47_a9de8f-f5, .wp-block-kadence-advancedheading.kt-adv-heading47_a9de8f-f5[data-kb-block=\"kb-adv-heading47_a9de8f-f5\"]{font-style:normal;}.wp-block-kadence-advancedheading.kt-adv-heading47_a9de8f-f5 mark, .wp-block-kadence-advancedheading.kt-adv-heading47_a9de8f-f5[data-kb-block=\"kb-adv-heading47_a9de8f-f5\"] mark{font-style:normal;color:#f76a0c;padding-top:0px;padding-right:0px;padding-bottom:0px;padding-left:0px;}<\/style>\n<p class=\"kt-adv-heading47_a9de8f-f5 wp-block-kadence-advancedheading\" data-kb-block=\"kb-adv-heading47_a9de8f-f5\">Gerade noch mitten im Leben, trifft die Diagnose Demenz viele wie ein harter Schlag. Keine sch\u00f6ne Vorstellung und doch eine Situation, der sich viele Menschen und ihre Angeh\u00f6rigen stellen m\u00fcssen. Aber auch mit Demenz l\u00e4sst es sich gut leben.<\/p>\n\n\n\n<p>Wir wollen Sie als Betroffene unterst\u00fctzen und Ihnen zeigen, wie Sie sich und anderen das Leben erleichtern. Gleichzeitig wollen wir das Verst\u00e4ndnis f\u00fcr Menschen mit Demenz f\u00f6rdern und dabei helfen, Ber\u00fchrungs\u00e4ngste bei Au\u00dfenstehenden abzubauen.<br><br>Informieren Sie sich auf unserer Website oder besuchen Sie uns in einer unserer Wohngemeinschaften.<\/p>\n\n\n\n<p>Machen Sie sich selbst ein Bild davon, dass man auch mit Demenz gut leben und Freude haben kann.<\/p>\n\n\n\n<p><a href=\"https:\/\/mitdemenzleben.org\/index.php\/mit-demenz-leben-e-v\/\" data-type=\"page\" data-id=\"145\">Verein MDL<\/a><\/p>\n<\/div><\/div>\n\n\n\n<div style=\"height:24px\" aria-hidden=\"true\" class=\"wp-block-spacer\"><\/div>\n\n\n\n<div class=\"wp-block-media-text has-media-on-the-right is-stacked-on-mobile is-vertically-aligned-top\" style=\"grid-template-columns:auto 35%\"><div class=\"wp-block-media-text__content\">\n<p>Alt + Demenz = Pflegeheim? Das muss nicht sein! <\/p>\n\n\n\n<p>Niemand m\u00f6chte gerne ins Pflegeheim. Die selbstverwaltete, angeh\u00f6rigengef\u00fchrte Demenz-Wohngemeinschaft (WG) ist eine gute Alternative. Sie bietet ein sicheres Zuhause, famili\u00e4re Strukturen und einen geregelten Tagesablauf. Gleichzeitig unterst\u00fctzt sie die hier lebenden Menschen in ihrem Alltag, ihrer Selbstst\u00e4ndigkeit und ihren Bed\u00fcrfnissen. <\/p>\n\n\n\n<p>Die individuelle Pflege und die Betreuung von drei bis maximal 12 Personen in einer WG werden von einem frei w\u00e4hlbaren, gemeinschaftlich beauftragten Pflegedienst erbracht. Hierbei k\u00f6nnen die Leistungen gepoolt und so gemeinsam genutzt werden.<\/p>\n\n\n\n<p><a href=\"https:\/\/mitdemenzleben.org\/index.php\/selbstverwaltete-demenz-wgs\/\" data-type=\"page\" data-id=\"123\">Angeh\u00f6rigengef\u00fchrte Demenz-WGs<\/a><\/p>\n<\/div><figure class=\"wp-block-media-text__media\"><img loading=\"lazy\" decoding=\"async\" width=\"300\" height=\"300\" src=\"https:\/\/mitdemenzleben.org\/wordpress\/wp-content\/uploads\/2024\/04\/349905A0-B446-41BF-96D1-9BA76CE3B213-300x300.jpeg\" alt=\"\" class=\"wp-image-110 size-medium\" srcset=\"https:\/\/mitdemenzleben.org\/wp-content\/uploads\/2024\/04\/349905A0-B446-41BF-96D1-9BA76CE3B213-300x300.jpeg 300w, https:\/\/mitdemenzleben.org\/wp-content\/uploads\/2024\/04\/349905A0-B446-41BF-96D1-9BA76CE3B213-1024x1024.jpeg 1024w, https:\/\/mitdemenzleben.org\/wp-content\/uploads\/2024\/04\/349905A0-B446-41BF-96D1-9BA76CE3B213-150x150.jpeg 150w, https:\/\/mitdemenzleben.org\/wp-content\/uploads\/2024\/04\/349905A0-B446-41BF-96D1-9BA76CE3B213-768x768.jpeg 768w, https:\/\/mitdemenzleben.org\/wp-content\/uploads\/2024\/04\/349905A0-B446-41BF-96D1-9BA76CE3B213-1536x1536.jpeg 1536w, https:\/\/mitdemenzleben.org\/wp-content\/uploads\/2024\/04\/349905A0-B446-41BF-96D1-9BA76CE3B213-2048x2048.jpeg 2048w\" sizes=\"auto, (max-width: 300px) 100vw, 300px\" \/><\/figure><\/div>\n","protected":false},"excerpt":{"rendered":"<p>Alt + Demenz = Pflegeheim? Das muss nicht sein! Niemand m\u00f6chte gerne ins Pflegeheim. Die selbstverwaltete, angeh\u00f6rigengef\u00fchrte Demenz-Wohngemeinschaft (WG) ist eine gute Alternative. Sie bietet ein sicheres Zuhause, famili\u00e4re Strukturen und einen geregelten Tagesablauf. Gleichzeitig unterst\u00fctzt sie die hier lebenden Menschen in ihrem Alltag, ihrer Selbstst\u00e4ndigkeit und ihren Bed\u00fcrfnissen. Die individuelle Pflege und die Betreuung&#8230;<\/p>\n","protected":false},"author":1,"featured_media":0,"parent":0,"menu_order":0,"comment_status":"closed","ping_status":"closed","template":"","meta":{"_kadence_starter_templates_imported_post":false,"_kad_post_transparent":"enable","_kad_post_title":"","_kad_post_layout":"normal","_kad_post_sidebar_id":"","_kad_post_content_style":"boxed","_kad_post_vertical_padding":"","_kad_post_feature":"","_kad_post_feature_position":"","_kad_post_header":false,"_kad_post_footer":false,"footnotes":""},"class_list":["post-47","page","type-page","status-publish","hentry"],"_links":{"self":[{"href":"https:\/\/mitdemenzleben.org\/index.php\/wp-json\/wp\/v2\/pages\/47","targetHints":{"allow":["GET"]}}],"collection":[{"href":"https:\/\/mitdemenzleben.org\/index.php\/wp-json\/wp\/v2\/pages"}],"about":[{"href":"https:\/\/mitdemenzleben.org\/index.php\/wp-json\/wp\/v2\/types\/page"}],"author":[{"embeddable":true,"href":"https:\/\/mitdemenzleben.org\/index.php\/wp-json\/wp\/v2\/users\/1"}],"replies":[{"embeddable":true,"href":"https:\/\/mitdemenzleben.org\/index.php\/wp-json\/wp\/v2\/comments?post=47"}],"version-history":[{"count":22,"href":"https:\/\/mitdemenzleben.org\/index.php\/wp-json\/wp\/v2\/pages\/47\/revisions"}],"predecessor-version":[{"id":272,"href":"https:\/\/mitdemenzleben.org\/index.php\/wp-json\/wp\/v2\/pages\/47\/revisions\/272"}],"wp:attachment":[{"href":"https:\/\/mitdemenzleben.org\/index.php\/wp-json\/wp\/v2\/media?parent=47"}],"curies":[{"name":"wp","href":"https:\/\/api.w.org\/{rel}","templated":true}]}}

<div class="wp-block-media-text is-stacked-on-mobile is-vertically-aligned-top" style="grid-template-columns:35% auto"><figure class="wp-block-media-text__media"><img loading="lazy" decoding="async" width="1024" height="1024" src="https://mitdemenzleben.org/wordpress/wp-content/uploads/2024/04/IMG_3266-1-1024x1024.jpeg" alt="" class="wp-image-118 size-full" srcset="https://mitdemenzleben.org/wp-content/uploads/2024/04/IMG_3266-1-1024x1024.jpeg 1024w, https://mitdemenzleben.org/wp-content/uploads/2024/04/IMG_3266-1-300x300.jpeg 300w, https://mitdemenzleben.org/wp-content/uploads/2024/04/IMG_3266-1-150x150.jpeg 150w, https://mitdemenzleben.org/wp-content/uploads/2024/04/IMG_3266-1-768x768.jpeg 768w, https://mitdemenzleben.org/wp-content/uploads/2024/04/IMG_3266-1-1536x1536.jpeg 1536w, https://mitdemenzleben.org/wp-content/uploads/2024/04/IMG_3266-1.jpeg 1911w" sizes="auto, (max-width: 1024px) 100vw, 1024px" /></figure><div class="wp-block-media-text__content"><style>.wp-block-kadence-advancedheading.kt-adv-heading47_a9de8f-f5, .wp-block-kadence-advancedheading.kt-adv-heading47_a9de8f-f5[data-kb-block="kb-adv-heading47_a9de8f-f5"]{font-style:normal;}.wp-block-kadence-advancedheading.kt-adv-heading47_a9de8f-f5 mark, .wp-block-kadence-advancedheading.kt-adv-heading47_a9de8f-f5[data-kb-block="kb-adv-heading47_a9de8f-f5"] mark{font-style:normal;color:#f76a0c;padding-top:0px;padding-right:0px;padding-bottom:0px;padding-left:0px;}</style>
<p class="kt-adv-heading47_a9de8f-f5 wp-block-kadence-advancedheading" data-kb-block="kb-adv-heading47_a9de8f-f5">Gerade noch mitten im Leben, trifft die Diagnose Demenz viele wie ein harter Schlag. Keine schöne Vorstellung und doch eine Situation, der sich viele Menschen und ihre Angehörigen stellen müssen. Aber auch mit Demenz lässt es sich gut leben.</p>



<p>Wir wollen Sie als Betroffene unterstützen und Ihnen zeigen, wie Sie sich und anderen das Leben erleichtern. Gleichzeitig wollen wir das Verständnis für Menschen mit Demenz fördern und dabei helfen, Berührungsängste bei Außenstehenden abzubauen.<br><br>Informieren Sie sich auf unserer Website oder besuchen Sie uns in einer unserer Wohngemeinschaften.</p>



<p>Machen Sie sich selbst ein Bild davon, dass man auch mit Demenz gut leben und Freude haben kann.</p>



<p><a href="https://mitdemenzleben.org/index.php/mit-demenz-leben-e-v/" data-type="page" data-id="145">Verein MDL</a></p>
</div></div>



<div style="height:24px" aria-hidden="true" class="wp-block-spacer"></div>



<div class="wp-block-media-text has-media-on-the-right is-stacked-on-mobile is-vertically-aligned-top" style="grid-template-columns:auto 35%"><div class="wp-block-media-text__content">
<p>Alt + Demenz = Pflegeheim? Das muss nicht sein! </p>



<p>Niemand möchte gerne ins Pflegeheim. Die selbstverwaltete, angehörigengeführte Demenz-Wohngemeinschaft (WG) ist eine gute Alternative. Sie bietet ein sicheres Zuhause, familiäre Strukturen und einen geregelten Tagesablauf. Gleichzeitig unterstützt sie die hier lebenden Menschen in ihrem Alltag, ihrer Selbstständigkeit und ihren Bedürfnissen. </p>



<p>Die individuelle Pflege und die Betreuung von drei bis maximal 12 Personen in einer WG werden von einem frei wählbaren, gemeinschaftlich beauftragten Pflegedienst erbracht. Hierbei können die Leistungen gepoolt und so gemeinsam genutzt werden.</p>



<p><a href="https://mitdemenzleben.org/index.php/selbstverwaltete-demenz-wgs/" data-type="page" data-id="123">Angehörigengeführte Demenz-WGs</a></p>
</div><figure class="wp-block-media-text__media"><img loading="lazy" decoding="async" width="300" height="300" src="https://mitdemenzleben.org/wordpress/wp-content/uploads/2024/04/349905A0-B446-41BF-96D1-9BA76CE3B213-300x300.jpeg" alt="" class="wp-image-110 size-medium" srcset="https://mitdemenzleben.org/wp-content/uploads/2024/04/349905A0-B446-41BF-96D1-9BA76CE3B213-300x300.jpeg 300w, https://mitdemenzleben.org/wp-content/uploads/2024/04/349905A0-B446-41BF-96D1-9BA76CE3B213-1024x1024.jpeg 1024w, https://mitdemenzleben.org/wp-content/uploads/2024/04/349905A0-B446-41BF-96D1-9BA76CE3B213-150x150.jpeg 150w, https://mitdemenzleben.org/wp-content/uploads/2024/04/349905A0-B446-41BF-96D1-9BA76CE3B213-768x768.jpeg 768w, https://mitdemenzleben.org/wp-content/uploads/2024/04/349905A0-B446-41BF-96D1-9BA76CE3B213-1536x1536.jpeg 1536w, https://mitdemenzleben.org/wp-content/uploads/2024/04/349905A0-B446-41BF-96D1-9BA76CE3B213-2048x2048.jpeg 2048w" sizes="auto, (max-width: 300px) 100vw, 300px" /></figure></div>

<p>Alt + Demenz = Pflegeheim? Das muss nicht sein! Niemand möchte gerne ins Pflegeheim. Die selbstverwaltete, angehörigengeführte Demenz-Wohngemeinschaft (WG) ist eine gute Alternative. Sie bietet ein sicheres Zuhause, familiäre Strukturen und einen geregelten Tagesablauf. Gleichzeitig unterstützt sie die hier lebenden Menschen in ihrem Alltag, ihrer Selbstständigkeit und ihren Bedürfnissen. Die individuelle Pflege und die Betreuung&#8230;</p>
